{"id":275,"date":"2023-06-06T00:00:57","date_gmt":"2023-06-05T22:00:57","guid":{"rendered":"https:\/\/saintmedardenforez-42330.fr\/site2023\/?page_id=275"},"modified":"2025-01-08T22:49:17","modified_gmt":"2025-01-08T21:49:17","slug":"commerces","status":"publish","type":"page","link":"https:\/\/saintmedardenforez-42330.fr\/site2023\/index.php\/commerces\/","title":{"rendered":"Commerces"},"content":{"rendered":"<h1>Restaurant \/ Bar \/ Traiteur<\/h1>\n<ul>\n<li style=\"list-style-type: none;\">\n<ul>\n<li><strong>Le Bobine Bar<\/strong>\n<ul>\n<li>Le Bourg 42330 SAINT MEDARD EN FOREZ<\/li>\n<li><a href=\"https:\/\/www.facebook.com\/lebobinebar\" target=\"_blank\" rel=\"noopener noreferrer\"><span style=\"font-size: 1rem;\">Facebook<\/span><\/a><\/li>\n<\/ul>\n<\/li>\n<\/ul>\n<\/li>\n<\/ul>\n<ul>\n<li style=\"list-style-type: none;\">\n<ul>\n<li><strong>La Table des Moulins<\/strong>\n<ul>\n<li>Cuisine traditionnelle g\u00e9n\u00e9reuse, \u00e9labor\u00e9e \u00e0 base de produits frais et locaux<\/li>\n<li>100 Place du Porche 42330 SAINT MEDARD EN FOREZ<\/li>\n<li>Tel : 06 38 51 38 77<\/li>\n<li>Mail : <a href=\"mailto:ltdm42330@gmail.com\" target=\"_blank\" rel=\"noopener\">ltdm42330@gmail.com<\/a><\/li>\n<li><a href=\"https:\/\/www.facebook.com\/people\/La-Table-des-Moulins\/100092362071139\/\" target=\"_blank\" rel=\"noopener\">Facebook<\/a><\/li>\n<li><a href=\"https:\/\/instagram.com\/latabledesmoulins42330?igshid=MzRlODBiNWFlZA==\" target=\"_blank\" rel=\"noopener\">Instagram<\/a><\/li>\n<\/ul>\n<\/li>\n<\/ul>\n<\/li>\n<\/ul>\n<ul>\n<li style=\"list-style-type: none;\">\n<ul>\n<li><strong>DIMIER Guy &amp; Marie Th\u00e9r\u00e8se :<\/strong> Fromages, Oeufs, &#8230;\n<ul>\n<li>686 Chemin de Fonfarlan 42330 SAINT MEDARD EN FOREZ<\/li>\n<li>Tel : 04 77 94 10 09 \/ 06 83 59 39 96<\/li>\n<li>Vente tous les samedis de 9h \u00e0 12h sur la place de Saint M\u00e9dard<\/li>\n<li>Pr\u00e9sent au march\u00e9 de Saint Galmier<\/li>\n<li>Vente \u00e0 la ferme tous les jours<\/li>\n<\/ul>\n<\/li>\n<\/ul>\n<\/li>\n<\/ul>\n<h1>\u00c9picerie<\/h1>\n<ul>\n<li style=\"list-style-type: none;\">\n<ul>\n<li><strong>A La Moutarde Oubli\u00e9e<\/strong>\n<ul>\n<li>65 Passage Fran\u00e7ois Jacquemont 42330 SAINT MEDARD EN FOREZ<\/li>\n<li>Tel : 06 87 06 81 95<\/li>\n<li>Le Bourg 42330 SAINT MEDARD EN FOREZ<\/li>\n<li><span style=\"font-size: 1rem;\">Site internet<\/span><\/li>\n<\/ul>\n<\/li>\n<\/ul>\n<\/li>\n<\/ul>\n<h1>Agriculture Biologique<\/h1>\n<ul>\n<li style=\"list-style-type: none;\">\n<ul>\n<li><strong>BESSENAY Xavier :<\/strong> Producteur\n<ul>\n<li>34 Route du Garat 42330 SAINT MEDARD EN FOREZ<\/li>\n<li>Tel : 04 77 94 07 29<\/li>\n<\/ul>\n<\/li>\n<\/ul>\n<\/li>\n<\/ul>\n<h1>Garagiste Auto<\/h1>\n<ul>\n<li style=\"list-style-type: none;\">\n<ul>\n<li><strong>\u00c9meric S\u00e9on :<\/strong> R\u00e9paration ou l\u2019entretien de v\u00e9hicules l\u00e9gers\n<ul>\n<li>732 route des Joyaux 42330 SAINT MEDARD EN FOREZ<\/li>\n<li>Tel : 06 11 31 51 66<\/li>\n<li>Mail : EmericSeonEIRL@gmail.com<\/li>\n<\/ul>\n<\/li>\n<\/ul>\n<\/li>\n<\/ul>\n<h1>Moto<\/h1>\n<ul>\n<li style=\"list-style-type: none;\">\n<ul>\n<li><strong>Macadam 2 Roues :<\/strong> Pi\u00e8ces d\u00e9tach\u00e9es pour motos Anciennes Fran\u00e7aises\n<ul>\n<li>Atelier : 31 Rue de Bellevue 42330 SAINT MEDARD EN FOREZ<\/li>\n<li>Tel : 04 77 94 01 88<\/li>\n<li><a href=\"https:\/\/www.macadam2roues.com\/fr\/\" target=\"_blank\" rel=\"noopener noreferrer\"><span style=\"font-size: 1rem;\">Site internet<\/span><\/a><\/li>\n<\/ul>\n<\/li>\n<\/ul>\n<\/li>\n<\/ul>\n<h1>Carrosserie Auto<\/h1>\n<ul>\n<li style=\"list-style-type: none;\">\n<ul>\n<li><strong>D\u00e9bosselage 42 :<\/strong> Carrosserie, Pare brise, Esth\u00e9tique Automobile\n<ul>\n<li>Atelier : 54 Route du Guillarme ZA Sagnelonge 42330 SAINT MEDARD EN FOREZ<\/li>\n<li>Tel : 04 77 94 01 88<\/li>\n<li>Toutes assurances &amp; sans avance d&rsquo;argent<\/li>\n<li><a href=\"http:\/\/www.debosselage42.fr\/\" target=\"_blank\" rel=\"noopener noreferrer\"><span style=\"font-size: 1rem;\">Site internet<\/span><\/a><\/li>\n<\/ul>\n<\/li>\n<\/ul>\n<\/li>\n<\/ul>\n<h1>Pr\u00e9paration moteur Auto<\/h1>\n<ul>\n<li style=\"list-style-type: none;\">\n<ul>\n<li><strong>Ricci Racing :<\/strong> Pi\u00e8ces Racing, Cross &amp; Enduro, Traitement cylindre et r\u00e9 embiellage\n<ul>\n<li>Le Blanc 42330 SAINT MEDARD EN FOREZ<\/li>\n<li>Tel \/ Fax : 04 77 94 19 27 ou 06 08 07 76 58<\/li>\n<\/ul>\n<\/li>\n<\/ul>\n<\/li>\n<\/ul>\n<h1>Graphiste \/ Web designer<\/h1>\n<ul>\n<li style=\"list-style-type: none;\">\n<ul>\n<li><strong>THIVILLIER Pierre<\/strong>\n<ul>\n<li>Mail : pastandcurious42@gmail.com<\/li>\n<li>Tel : 06 47 16 67 41<\/li>\n<\/ul>\n<\/li>\n<\/ul>\n<\/li>\n<\/ul>\n<h1>Graphiste \/ Web designer<\/h1>\n<ul>\n<li style=\"list-style-type: none;\">\n<ul>\n<li><strong>FALVARD Nicolas<\/strong>\n<ul>\n<li>Mail : nicolas.falvard@gmail.com<\/li>\n<li>Tel : 06 87 07 21 21<\/li>\n<\/ul>\n<\/li>\n<\/ul>\n<\/li>\n<\/ul>\n<h1>Secr\u00e9taire ind\u00e9pendante<\/h1>\n<ul>\n<li style=\"list-style-type: none;\">\n<ul>\n<li><strong>BATAILLON Florence<\/strong>\n<ul>\n<li>461 Chemin du Tinchon 42330 SAINT MEDARD EN FOREZ<\/li>\n<li>Tel\u00a0 : 04 77 94 16 40<\/li>\n<li>Mail : fb.bureautique@sfr.fr<\/li>\n<\/ul>\n<\/li>\n<\/ul>\n<\/li>\n<\/ul>\n<h1>Carri\u00e8re<\/h1>\n<ul>\n<li style=\"list-style-type: none;\">\n<ul>\n<li><strong>Carri\u00e8res de la Loire<\/strong>\n<ul>\n<li>Savy 42330 SAINT MEDARD EN FOREZ<\/li>\n<li>Tel\u00a0 : 04 77 52 51 54<\/li>\n<li><a href=\"https:\/\/www.carrieresdelaloire.com\/sites\/\" target=\"_blank\" rel=\"noopener noreferrer\"><span style=\"font-size: 1rem;\">Site internet<\/span><\/a><\/li>\n<\/ul>\n<\/li>\n<\/ul>\n<\/li>\n<\/ul>\n<h1>Cabinet infirmiers<\/h1>\n<ul>\n<li style=\"list-style-type: none;\">\n<ul>\n<li><strong>ARNAUD E. \/ BENASSIE S.<\/strong>\n<ul>\n<li>28 Rue de Bellevue 42330 SAINT MEDARD EN FOREZ<\/li>\n<li>Tel : 04 77 61 96 72<\/li>\n<li>Tel : 06 80 99 69 33 \/ 06 60 73 88 72<\/li>\n<\/ul>\n<\/li>\n<\/ul>\n<\/li>\n<\/ul>\n<h1>Coiffeur<\/h1>\n<ul>\n<li style=\"list-style-type: none;\">\n<ul>\n<li><strong>Coiffure Nature :<\/strong> Caroline Degoulange\n<ul>\n<li>70 Rue de l\u2019\u00e9cole 42330 SAINT MEDARD EN FOREZ<\/li>\n<li>Tel : 04 77 94 11 97<\/li>\n<\/ul>\n<\/li>\n<\/ul>\n<\/li>\n<\/ul>\n<h1>P\u00e9pini\u00e9ristes<\/h1>\n<ul>\n<li style=\"list-style-type: none;\">\n<ul>\n<li><strong>P\u00e9pini\u00e8res Du Buyet<\/strong>\n<ul>\n<li>974 Route du Buyet 42330 SAINT MEDARD EN FOREZ<\/li>\n<li>Tel\u00a0 : 04 77 94 04 47<\/li>\n<\/ul>\n<\/li>\n<\/ul>\n<\/li>\n<\/ul>\n<h1>\u00c9lagage<\/h1>\n<ul>\n<li style=\"list-style-type: none;\">\n<ul>\n<li><strong>THIZY J. :<\/strong> Taille d&rsquo;entretien, de formation, d&rsquo;\u00e9claicie, d\u00e9montage et abattage, d\u00e9broussaillage\n<ul>\n<li>Tel\u00a0 : 06 74 16 07 75<\/li>\n<\/ul>\n<\/li>\n<\/ul>\n<\/li>\n<\/ul>\n<h1>Jardinage<\/h1>\n<ul>\n<li style=\"list-style-type: none;\">\n<ul>\n<li><strong>BATAILLON Gilbert :<\/strong> Tonte, Nettoyage et entretien des jardins et massifs, Taille de haies, arbustes, fruitiers, D\u00e9broussaillage\n<ul>\n<li>461 Chemin du Tinchon 42330 SAINT MEDARD EN FOREZ<\/li>\n<li>Tel\u00a0 : 04 77 94 16 40 \/ 06 49 69 24 13<\/li>\n<\/ul>\n<\/li>\n<\/ul>\n<\/li>\n<\/ul>\n<h1>Motoculture<\/h1>\n<ul>\n<li style=\"list-style-type: none;\">\n<ul>\n<li><strong>GOUJON Patrick :<\/strong> Entretien, vente et r\u00e9paration\n<ul>\n<li>Ouvert du lundi au vendredi de 17h \u00e0 19h<\/li>\n<li>1019 Route du Guillarme 42330 SAINT MEDARD EN FOREZ<\/li>\n<li>Tel\u00a0 : 04 77 94 13 50 \/ 06 83 46 36 12<\/li>\n<\/ul>\n<\/li>\n<\/ul>\n<\/li>\n<\/ul>\n<h1>P\u00eache<\/h1>\n<ul>\n<li style=\"list-style-type: none;\">\n<ul>\n<li><strong>Les Etangs &#8211; l&rsquo;Ard\u00e9chois<\/strong>\n<ul>\n<li>163 Route du Buyet 42330 SAINT MEDARD EN FOREZ<\/li>\n<li>Tel : 04 77 54 98 86<\/li>\n<\/ul>\n<\/li>\n<\/ul>\n<\/li>\n<\/ul>\n<h1>Multi-services<\/h1>\n<ul>\n<li style=\"list-style-type: none;\">\n<ul>\n<li><strong>Guy Rabut Tout Service :<\/strong> \u00c9lectricit\u00e9, Bricolage, Plomberie, Ma\u00e7onnerie d\u00e9corative<strong><br \/>\n<\/strong><\/p>\n<ul>\n<li>118 Chemin de la Barroni\u00e8re 42330 SAINT MEDARD EN FOREZ<\/li>\n<li>Tel : 07 85 46 66 63<\/li>\n<li>rabutguy@gmail.com<\/li>\n<\/ul>\n<\/li>\n<\/ul>\n<\/li>\n<\/ul>\n<p>&nbsp;<\/p>\n","protected":false},"excerpt":{"rendered":"<p>Restaurant \/ Bar \/ Traiteur Le Bobine Bar Le Bourg 42330 SAINT MEDARD EN FOREZ Facebook La Table des Moulins Cuisine traditionnelle g\u00e9n\u00e9reuse, \u00e9labor\u00e9e \u00e0<\/p>\n","protected":false},"author":1,"featured_media":0,"parent":0,"menu_order":0,"comment_status":"closed","ping_status":"closed","template":"","meta":{"footnotes":""},"class_list":["post-275","page","type-page","status-publish","hentry"],"_links":{"self":[{"href":"https:\/\/saintmedardenforez-42330.fr\/site2023\/index.php\/wp-json\/wp\/v2\/pages\/275","targetHints":{"allow":["GET"]}}],"collection":[{"href":"https:\/\/saintmedardenforez-42330.fr\/site2023\/index.php\/wp-json\/wp\/v2\/pages"}],"about":[{"href":"https:\/\/saintmedardenforez-42330.fr\/site2023\/index.php\/wp-json\/wp\/v2\/types\/page"}],"author":[{"embeddable":true,"href":"https:\/\/saintmedardenforez-42330.fr\/site2023\/index.php\/wp-json\/wp\/v2\/users\/1"}],"replies":[{"embeddable":true,"href":"https:\/\/saintmedardenforez-42330.fr\/site2023\/index.php\/wp-json\/wp\/v2\/comments?post=275"}],"version-history":[{"count":12,"href":"https:\/\/saintmedardenforez-42330.fr\/site2023\/index.php\/wp-json\/wp\/v2\/pages\/275\/revisions"}],"predecessor-version":[{"id":2571,"href":"https:\/\/saintmedardenforez-42330.fr\/site2023\/index.php\/wp-json\/wp\/v2\/pages\/275\/revisions\/2571"}],"wp:attachment":[{"href":"https:\/\/saintmedardenforez-42330.fr\/site2023\/index.php\/wp-json\/wp\/v2\/media?parent=275"}],"curies":[{"name":"wp","href":"https:\/\/api.w.org\/{rel}","templated":true}]}}