{"id":258,"date":"2019-11-03T19:13:25","date_gmt":"2019-11-03T18:13:25","guid":{"rendered":"https:\/\/saintmedardenforez-42330.fr\/site2023\/?page_id=258"},"modified":"2021-05-04T21:51:01","modified_gmt":"2021-05-04T19:51:01","slug":"petit-mot","status":"publish","type":"page","link":"https:\/\/saintmedardenforez-42330.fr\/site2023\/index.php\/petit-mot\/","title":{"rendered":"Petit mot ;)"},"content":{"rendered":"<h1>Site PERSO<\/h1>\n<p><span style=\"font-family: 'courier new', 'courier'; font-size: 10pt;\"><span class=\"fs1\">Ce site est r\u00e9alis\u00e9 par un <\/span><a href=\"http:\/\/fr.geneawiki.com\/index.php\/42264_-_Saint-M\u00e9dard-en-Forez\" target=\"_blank\" rel=\"noopener noreferrer\">San Miard\u00e8re<\/a> ; il <span class=\"fs1\">a pour objet de r\u00e9unir pour vous, les informations utiles sur le village de Saint M\u00e9dard en Forez.<\/span><\/span><\/p>\n<p style=\"text-align: center;\"><span class=\"fs1\" style=\"font-family: 'courier new', 'courier';\"><img loading=\"lazy\" decoding=\"async\" src=\"https:\/\/saintmedardenforez-42330.fr\/site2023\/wp-content\/uploads\/2019\/10\/Saint-Medard-en-Forez_42330_mairie-de-St-Medard.jpg\" alt=\"Saint-Medard-en-Forez_42330_mairie-de-St-Medard\" width=\"300\" height=\"187\" \/><br \/>\n<\/span><\/p>\n<p style=\"text-align: center;\">\u00a0<span style=\"font-family: 'courier new', 'courier'; font-size: 10pt;\"><span class=\"fs1\">Bonne visite \ud83d\ude09<\/span><\/span><\/p>\n","protected":false},"excerpt":{"rendered":"<p>Site PERSO Ce site est r\u00e9alis\u00e9 par un San Miard\u00e8re ; il a pour objet de r\u00e9unir pour vous, les informations utiles sur le village<\/p>\n","protected":false},"author":1,"featured_media":0,"parent":0,"menu_order":0,"comment_status":"closed","ping_status":"closed","template":"","meta":{"footnotes":""},"class_list":["post-258","page","type-page","status-publish","hentry"],"_links":{"self":[{"href":"https:\/\/saintmedardenforez-42330.fr\/site2023\/index.php\/wp-json\/wp\/v2\/pages\/258","targetHints":{"allow":["GET"]}}],"collection":[{"href":"https:\/\/saintmedardenforez-42330.fr\/site2023\/index.php\/wp-json\/wp\/v2\/pages"}],"about":[{"href":"https:\/\/saintmedardenforez-42330.fr\/site2023\/index.php\/wp-json\/wp\/v2\/types\/page"}],"author":[{"embeddable":true,"href":"https:\/\/saintmedardenforez-42330.fr\/site2023\/index.php\/wp-json\/wp\/v2\/users\/1"}],"replies":[{"embeddable":true,"href":"https:\/\/saintmedardenforez-42330.fr\/site2023\/index.php\/wp-json\/wp\/v2\/comments?post=258"}],"version-history":[{"count":0,"href":"https:\/\/saintmedardenforez-42330.fr\/site2023\/index.php\/wp-json\/wp\/v2\/pages\/258\/revisions"}],"wp:attachment":[{"href":"https:\/\/saintmedardenforez-42330.fr\/site2023\/index.php\/wp-json\/wp\/v2\/media?parent=258"}],"curies":[{"name":"wp","href":"https:\/\/api.w.org\/{rel}","templated":true}]}}