{"id":240,"date":"2023-03-03T18:40:57","date_gmt":"2023-03-03T17:40:57","guid":{"rendered":"https:\/\/saintmedardenforez-42330.fr\/site2023\/?page_id=240"},"modified":"2025-03-02T10:06:10","modified_gmt":"2025-03-02T09:06:10","slug":"artisanat","status":"publish","type":"page","link":"https:\/\/saintmedardenforez-42330.fr\/site2023\/index.php\/artisanat\/","title":{"rendered":"Artisanat"},"content":{"rendered":"<h1>Savonnerie<\/h1>\n<ul>\n<li style=\"list-style-type: none;\">\n<ul>\n<li><strong>Sur une Branche : Rolly Val\u00e9rie<br \/>\n<\/strong><\/p>\n<ul>\n<li>93 chemin de la Baronni\u00e8re 42330 SAINT MEDARD EN FOREZ<\/li>\n<li>Tel : 07 80 02 73 76<\/li>\n<li>savonnerie.surunebranche@gmail.com<\/li>\n<li><a href=\"https:\/\/www.surunebranche.fr\/\" target=\"_blank\" rel=\"noopener\">Site internet<\/a><\/li>\n<\/ul>\n<\/li>\n<\/ul>\n<\/li>\n<\/ul>\n<h1>Carrelage<\/h1>\n<ul>\n<li style=\"list-style-type: none;\">\n<ul>\n<li><strong>Moulin Carrelage<br \/>\n<\/strong><\/p>\n<ul>\n<li><span class=\"LrzXr\">8 Lotissement les Sagnes<\/span> 42330 SAINT MEDARD EN FOREZ<\/li>\n<li>Tel : 06 62 00 03 78<\/li>\n<li>cedric.moulin168@gmail.com<\/li>\n<\/ul>\n<\/li>\n<\/ul>\n<\/li>\n<\/ul>\n<h1>Menuisier<\/h1>\n<ul>\n<li style=\"list-style-type: none;\">\n<ul>\n<li><strong>BSA Constructions Bois<\/strong>\n<ul>\n<li>6 Rue du Guillarme 42330 SAINT MEDARD EN FOREZ<\/li>\n<li>Tel : 06 05 09 44 69<\/li>\n<li><a href=\"http:\/\/bsaconstructionsbois.fr\/\" target=\"_blank\" rel=\"noopener noreferrer\">Site internet<\/a><\/li>\n<\/ul>\n<\/li>\n<\/ul>\n<\/li>\n<\/ul>\n<ul>\n<li style=\"list-style-type: none;\">\n<ul>\n<li><strong>DMS Renovation Agencement<\/strong> : Sp\u00e9cialiste salle de bain\n<ul>\n<li>13 Rue de l&rsquo;\u00e9cole 42330 SAINT MEDARD EN FOREZ<\/li>\n<li>Tel : 06 72 96 92 34<\/li>\n<li>Site internet<\/li>\n<\/ul>\n<\/li>\n<\/ul>\n<\/li>\n<\/ul>\n<ul>\n<li style=\"list-style-type: none;\">\n<ul>\n<li><strong>Rapha\u00ebl Grange<\/strong> : bois &#8211; pvc &#8211; alu &#8211; Volets roulants\n<ul>\n<li>54 Route du Guillarme ZA Sagnelonge 42330 SAINT MEDARD EN FOREZ<\/li>\n<li>Tel : 04 77 94 19 46 \/ Fax : 04 77 94 15 60<\/li>\n<\/ul>\n<\/li>\n<\/ul>\n<\/li>\n<\/ul>\n<ul>\n<li style=\"list-style-type: none;\">\n<ul>\n<li><strong>Jean-No\u00ebl Roboutot<\/strong> : bois &#8211; pvc &#8211; alu -Cr\u00e9ations personnalis\u00e9es\n<ul>\n<li>ZA Sagnelonge 42330 SAINT MEDARD EN FOREZ<\/li>\n<li>Tel : 06 26 65 04 79<\/li>\n<li><a href=\"http:\/\/www.raboutot-menuiserie.fr\/\" target=\"_blank\" rel=\"noopener noreferrer\"><span style=\"font-size: 1rem;\">Site internet<\/span><\/a><\/li>\n<\/ul>\n<\/li>\n<\/ul>\n<\/li>\n<\/ul>\n<ul>\n<li style=\"list-style-type: none;\">\n<ul>\n<li><strong>Christian Pral<\/strong> : Tourneur sur bois\n<ul>\n<li>96 Impasse de Fonfarlan 42330 SAINT MEDARD EN FOREZ<\/li>\n<li>Tel : 09 75 60 11 10<\/li>\n<\/ul>\n<\/li>\n<\/ul>\n<\/li>\n<\/ul>\n<h1>M\u00e9decine \u00e9nerg\u00e9tique<\/h1>\n<ul>\n<li style=\"list-style-type: none;\">\n<ul>\n<li><strong>S\u00e9verine Poncet<\/strong> : Praticienne en m\u00e9decine \u00e9nerg\u00e9tique naturelle\n<ul>\n<li>42330 SAINT MEDARD EN FOREZ<\/li>\n<li>Tel : 07 69 92 46 52<\/li>\n<li><a href=\"https:\/\/www.facebook.com\/severinecoach.energetique\/\" target=\"_blank\" rel=\"noopener noreferrer\">Facebook<\/a><\/li>\n<\/ul>\n<\/li>\n<\/ul>\n<\/li>\n<\/ul>\n<h1>Trains \u00e9lectriques<\/h1>\n<ul>\n<li style=\"list-style-type: none;\">\n<ul>\n<li><strong>Philippe Charbonnier<\/strong> : Achats &#8211; Ventes\n<ul>\n<li>36 Chemin de la Croix du P\u00e8re 42330 SAINT MEDARD EN FOREZ<\/li>\n<li>Tel : 06 11 54 97 61<\/li>\n<li>philcharbonnier@orange.fr<\/li>\n<\/ul>\n<\/li>\n<\/ul>\n<\/li>\n<\/ul>\n","protected":false},"excerpt":{"rendered":"<p>Savonnerie Sur une Branche : Rolly Val\u00e9rie 93 chemin de la Baronni\u00e8re 42330 SAINT MEDARD EN FOREZ Tel : 07 80 02 73 76 savonnerie.surunebranche@gmail.com<\/p>\n","protected":false},"author":1,"featured_media":0,"parent":0,"menu_order":0,"comment_status":"closed","ping_status":"closed","template":"","meta":{"footnotes":""},"class_list":["post-240","page","type-page","status-publish","hentry"],"_links":{"self":[{"href":"https:\/\/saintmedardenforez-42330.fr\/site2023\/index.php\/wp-json\/wp\/v2\/pages\/240","targetHints":{"allow":["GET"]}}],"collection":[{"href":"https:\/\/saintmedardenforez-42330.fr\/site2023\/index.php\/wp-json\/wp\/v2\/pages"}],"about":[{"href":"https:\/\/saintmedardenforez-42330.fr\/site2023\/index.php\/wp-json\/wp\/v2\/types\/page"}],"author":[{"embeddable":true,"href":"https:\/\/saintmedardenforez-42330.fr\/site2023\/index.php\/wp-json\/wp\/v2\/users\/1"}],"replies":[{"embeddable":true,"href":"https:\/\/saintmedardenforez-42330.fr\/site2023\/index.php\/wp-json\/wp\/v2\/comments?post=240"}],"version-history":[{"count":4,"href":"https:\/\/saintmedardenforez-42330.fr\/site2023\/index.php\/wp-json\/wp\/v2\/pages\/240\/revisions"}],"predecessor-version":[{"id":2577,"href":"https:\/\/saintmedardenforez-42330.fr\/site2023\/index.php\/wp-json\/wp\/v2\/pages\/240\/revisions\/2577"}],"wp:attachment":[{"href":"https:\/\/saintmedardenforez-42330.fr\/site2023\/index.php\/wp-json\/wp\/v2\/media?parent=240"}],"curies":[{"name":"wp","href":"https:\/\/api.w.org\/{rel}","templated":true}]}}