{"id":195,"date":"2023-01-01T12:48:48","date_gmt":"2023-01-01T11:48:48","guid":{"rendered":"https:\/\/saintmedardenforez-42330.fr\/site2023\/?page_id=195"},"modified":"2023-06-17T08:48:11","modified_gmt":"2023-06-17T06:48:11","slug":"troupe-de-theatre-quiproquo","status":"publish","type":"page","link":"https:\/\/saintmedardenforez-42330.fr\/site2023\/index.php\/troupe-de-theatre-quiproquo\/","title":{"rendered":"Troupe de th\u00e9\u00e2tre Quiproquo"},"content":{"rendered":"<h1><span style=\"font-family: 'courier new', 'courier'; font-size: 10pt;\">Troupe de th\u00e9\u00e2tre Quiproquo<\/span><\/h1>\n<p class=\"fs1\"><span style=\"font-family: 'courier new', 'courier'; font-size: 10pt;\">La troupe recherche une ou plusieurs personnes de Saint-M\u00e9dard ou des environs qui voudraient s\u2019investir dans la cr\u00e9ation d\u2019un spectacle (pr\u00e9paration, organisation, r\u00e9p\u00e9titions). La possibilit\u00e9 d\u2019inclure une activit\u00e9 de votre choix en rapport avec le th\u00e9\u00e2tre est possible, comme la danse, mimes, cirque\u2026<\/span><\/p>\n<p class=\"fs1\"><span style=\"font-family: 'courier new', 'courier'; font-size: 10pt;\">Contactez Yvette Chollet au <span style=\"font-size: 11pt; font-family: 'Calibri','sans-serif';\">09 81 21 27 91<\/span>.<\/span><\/p>\n<p class=\"fs1\" style=\"text-align: center;\"><span style=\"font-family: 'courier new', 'courier'; font-size: 10pt;\"><img loading=\"lazy\" decoding=\"async\" src=\"https:\/\/saintmedardenforez-42330.fr\/site2023\/wp-content\/uploads\/2019\/11\/20171227-Quiproquo-Troupe-Theatre.png\" alt=\"20171227-Quiproquo-Troupe-Theatre\" width=\"600\" height=\"319\" \/><br \/>\n<\/span><\/p>\n","protected":false},"excerpt":{"rendered":"<p>Troupe de th\u00e9\u00e2tre Quiproquo La troupe recherche une ou plusieurs personnes de Saint-M\u00e9dard ou des environs qui voudraient s\u2019investir dans la cr\u00e9ation d\u2019un spectacle (pr\u00e9paration,<\/p>\n","protected":false},"author":1,"featured_media":0,"parent":0,"menu_order":0,"comment_status":"closed","ping_status":"closed","template":"","meta":{"footnotes":""},"class_list":["post-195","page","type-page","status-publish","hentry"],"_links":{"self":[{"href":"https:\/\/saintmedardenforez-42330.fr\/site2023\/index.php\/wp-json\/wp\/v2\/pages\/195","targetHints":{"allow":["GET"]}}],"collection":[{"href":"https:\/\/saintmedardenforez-42330.fr\/site2023\/index.php\/wp-json\/wp\/v2\/pages"}],"about":[{"href":"https:\/\/saintmedardenforez-42330.fr\/site2023\/index.php\/wp-json\/wp\/v2\/types\/page"}],"author":[{"embeddable":true,"href":"https:\/\/saintmedardenforez-42330.fr\/site2023\/index.php\/wp-json\/wp\/v2\/users\/1"}],"replies":[{"embeddable":true,"href":"https:\/\/saintmedardenforez-42330.fr\/site2023\/index.php\/wp-json\/wp\/v2\/comments?post=195"}],"version-history":[{"count":1,"href":"https:\/\/saintmedardenforez-42330.fr\/site2023\/index.php\/wp-json\/wp\/v2\/pages\/195\/revisions"}],"predecessor-version":[{"id":2181,"href":"https:\/\/saintmedardenforez-42330.fr\/site2023\/index.php\/wp-json\/wp\/v2\/pages\/195\/revisions\/2181"}],"wp:attachment":[{"href":"https:\/\/saintmedardenforez-42330.fr\/site2023\/index.php\/wp-json\/wp\/v2\/media?parent=195"}],"curies":[{"name":"wp","href":"https:\/\/api.w.org\/{rel}","templated":true}]}}