{"id":1657,"date":"2022-05-18T14:57:29","date_gmt":"2022-05-18T12:57:29","guid":{"rendered":"https:\/\/saintmedardenforez-42330.fr\/site2023\/?page_id=1657"},"modified":"2022-05-18T15:29:57","modified_gmt":"2022-05-18T13:29:57","slug":"hebergements","status":"publish","type":"page","link":"https:\/\/saintmedardenforez-42330.fr\/site2023\/index.php\/hebergements\/","title":{"rendered":"H\u00e9bergements"},"content":{"rendered":"<p style=\"text-align: center;\">Pour affiner la recherche des h\u00e9bergements indiqu\u00e9s ci-dessous,<br \/>\nutiliser le bouton <img loading=\"lazy\" decoding=\"async\" class=\"alignnone size-full wp-image-1675\" src=\"https:\/\/saintmedardenforez-42330.fr\/site2023\/wp-content\/uploads\/2022\/05\/bouton-widget.png\" alt=\"\" width=\"29\" height=\"26\" \/><br \/>\nBon s\u00e9jour \ud83d\ude09<\/p>\n<p><script src=\"https:\/\/widgets.apidae-tourisme.com\/widget\/5459.js\" async><\/script><\/p>\n<div id=\"widgit\"><\/div>\n","protected":false},"excerpt":{"rendered":"<p>Pour affiner la recherche des h\u00e9bergements indiqu\u00e9s ci-dessous, utiliser le bouton Bon s\u00e9jour \ud83d\ude09<\/p>\n","protected":false},"author":1,"featured_media":0,"parent":0,"menu_order":0,"comment_status":"closed","ping_status":"closed","template":"","meta":{"footnotes":""},"class_list":["post-1657","page","type-page","status-publish","hentry"],"_links":{"self":[{"href":"https:\/\/saintmedardenforez-42330.fr\/site2023\/index.php\/wp-json\/wp\/v2\/pages\/1657","targetHints":{"allow":["GET"]}}],"collection":[{"href":"https:\/\/saintmedardenforez-42330.fr\/site2023\/index.php\/wp-json\/wp\/v2\/pages"}],"about":[{"href":"https:\/\/saintmedardenforez-42330.fr\/site2023\/index.php\/wp-json\/wp\/v2\/types\/page"}],"author":[{"embeddable":true,"href":"https:\/\/saintmedardenforez-42330.fr\/site2023\/index.php\/wp-json\/wp\/v2\/users\/1"}],"replies":[{"embeddable":true,"href":"https:\/\/saintmedardenforez-42330.fr\/site2023\/index.php\/wp-json\/wp\/v2\/comments?post=1657"}],"version-history":[{"count":1,"href":"https:\/\/saintmedardenforez-42330.fr\/site2023\/index.php\/wp-json\/wp\/v2\/pages\/1657\/revisions"}],"predecessor-version":[{"id":2499,"href":"https:\/\/saintmedardenforez-42330.fr\/site2023\/index.php\/wp-json\/wp\/v2\/pages\/1657\/revisions\/2499"}],"wp:attachment":[{"href":"https:\/\/saintmedardenforez-42330.fr\/site2023\/index.php\/wp-json\/wp\/v2\/media?parent=1657"}],"curies":[{"name":"wp","href":"https:\/\/api.w.org\/{rel}","templated":true}]}}